{"id":38581,"date":"2022-06-27T08:06:23","date_gmt":"2022-06-27T08:06:23","guid":{"rendered":"https:\/\/www.soniademetz.com\/prodotto\/bergsteiger\/"},"modified":"2022-08-23T12:41:30","modified_gmt":"2022-08-23T12:41:30","slug":"der-bergsteiger","status":"publish","type":"product","link":"https:\/\/www.soniademetz.com\/de\/prodotto\/der-bergsteiger\/","title":{"rendered":"Der Bergsteiger"},"content":{"rendered":"<p>Handgefertigte Statue aus Ahorn* die einen Bergsteiger im alpin-nostalgischen Stil darstellt.<br \/>\nEin Mann mit Bart, Hut und Feder, der mit seinem Seil und Eispickel in der Hand, mit Erfahrung und mit stolzer Haltung die Berge<br \/>\nvor sich hin betrachtet. Bedacht h\u00e4lt er auf einem Felsen inne, worauf ein Edelwei\u00df abgebildet ist. Seine Kleidung ist typisch alpenl\u00e4ndisch nostalgisch.<\/p>\n<p>*in der Gr\u00f6\u00dfe 60 cm wird die Figur in Linde angefertigt.<\/p>\n","protected":false},"excerpt":{"rendered":"<p>Handgefertigte Holz-Statue die einen Bergsteiger im alpin-nostalgischen Stil darstellt.<br \/>\nMit Bart, Hut und Feder, mit Seil und Eispickel betrachtet er in erfahrener Haltung die Berge vor sich hin.<\/p>\n","protected":false},"featured_media":38682,"template":"","meta":{"neve_meta_sidebar":"","neve_meta_container":"","neve_meta_enable_content_width":"off","neve_meta_content_width":70,"neve_meta_title_alignment":"","neve_meta_author_avatar":"","neve_post_elements_order":"","neve_meta_disable_header":"","neve_meta_disable_footer":"","neve_meta_disable_title":"","_mbp_gutenberg_autopost":false,"_themeisle_gutenberg_block_has_review":false},"product_brand":[],"product_cat":[101,312],"product_tag":[2050,1497],"class_list":{"0":"post-38581","1":"product","2":"type-product","3":"status-publish","4":"has-post-thumbnail","6":"product_cat-profan","7":"product_cat-statuen-profan","8":"product_tag-der-bergsteiger","9":"product_tag-profan","11":"first","12":"instock","13":"purchasable","14":"product-type-variable"},"yoast_head":"<!-- This site is optimized with the Yoast SEO plugin v27.5 - https:\/\/yoast.com\/product\/yoast-seo-wordpress\/ -->\n<title>Der Bergsteiger - Sonia Demetz<\/title>\n<meta name=\"description\" content=\"Handgefertigte Statue aus Ahorn die einen Bergsteiger im alpin-nostalgischen Stil darstellt. Seine Kleidung ist typisch alpenl\u00e4ndisch nostalgisch.\" \/>\n<meta name=\"robots\" content=\"index, follow, max-snippet:-1, max-image-preview:large, max-video-preview:-1\" \/>\n<link rel=\"canonical\" href=\"https:\/\/www.soniademetz.com\/de\/prodotto\/der-bergsteiger\/\" \/>\n<meta property=\"og:locale\" content=\"de_DE\" \/>\n<meta property=\"og:type\" content=\"article\" \/>\n<meta property=\"og:title\" content=\"Der Bergsteiger - Sonia Demetz\" \/>\n<meta property=\"og:description\" content=\"Handgefertigte Statue aus Ahorn die einen Bergsteiger im alpin-nostalgischen Stil darstellt. Seine Kleidung ist typisch alpenl\u00e4ndisch nostalgisch.\" \/>\n<meta property=\"og:url\" content=\"https:\/\/www.soniademetz.com\/de\/prodotto\/der-bergsteiger\/\" \/>\n<meta property=\"og:site_name\" content=\"Sonia Demetz\" \/>\n<meta property=\"article:publisher\" content=\"https:\/\/www.facebook.com\/SoniaDemetzWoodArtSculptures\" \/>\n<meta property=\"article:modified_time\" content=\"2022-08-23T12:41:30+00:00\" \/>\n<meta property=\"og:image\" content=\"https:\/\/www.soniademetz.com\/wp-content\/uploads\/2022\/06\/7505.jpg\" \/>\n\t<meta property=\"og:image:width\" content=\"600\" \/>\n\t<meta property=\"og:image:height\" content=\"600\" \/>\n\t<meta property=\"og:image:type\" content=\"image\/jpeg\" \/>\n<meta name=\"twitter:card\" content=\"summary_large_image\" \/>\n<!-- \/ Yoast SEO plugin. -->","yoast_head_json":{"title":"Der Bergsteiger - Sonia Demetz","description":"Handgefertigte Statue aus Ahorn die einen Bergsteiger im alpin-nostalgischen Stil darstellt. Seine Kleidung ist typisch alpenl\u00e4ndisch nostalgisch.","robots":{"index":"index","follow":"follow","max-snippet":"max-snippet:-1","max-image-preview":"max-image-preview:large","max-video-preview":"max-video-preview:-1"},"canonical":"https:\/\/www.soniademetz.com\/de\/prodotto\/der-bergsteiger\/","og_locale":"de_DE","og_type":"article","og_title":"Der Bergsteiger - Sonia Demetz","og_description":"Handgefertigte Statue aus Ahorn die einen Bergsteiger im alpin-nostalgischen Stil darstellt. Seine Kleidung ist typisch alpenl\u00e4ndisch nostalgisch.","og_url":"https:\/\/www.soniademetz.com\/de\/prodotto\/der-bergsteiger\/","og_site_name":"Sonia Demetz","article_publisher":"https:\/\/www.facebook.com\/SoniaDemetzWoodArtSculptures","article_modified_time":"2022-08-23T12:41:30+00:00","og_image":[{"width":600,"height":600,"url":"https:\/\/www.soniademetz.com\/wp-content\/uploads\/2022\/06\/7505.jpg","type":"image\/jpeg"}],"twitter_card":"summary_large_image","schema":{"@context":"https:\/\/schema.org","@graph":[{"@type":"WebPage","@id":"https:\/\/www.soniademetz.com\/de\/prodotto\/der-bergsteiger\/","url":"https:\/\/www.soniademetz.com\/de\/prodotto\/der-bergsteiger\/","name":"Der Bergsteiger - Sonia Demetz","isPartOf":{"@id":"https:\/\/www.soniademetz.com\/de\/#website"},"primaryImageOfPage":{"@id":"https:\/\/www.soniademetz.com\/de\/prodotto\/der-bergsteiger\/#primaryimage"},"image":{"@id":"https:\/\/www.soniademetz.com\/de\/prodotto\/der-bergsteiger\/#primaryimage"},"thumbnailUrl":"https:\/\/i0.wp.com\/www.soniademetz.com\/wp-content\/uploads\/2022\/06\/7505.jpg?fit=600%2C600&ssl=1","datePublished":"2022-06-27T08:06:23+00:00","dateModified":"2022-08-23T12:41:30+00:00","description":"Handgefertigte Statue aus Ahorn die einen Bergsteiger im alpin-nostalgischen Stil darstellt. Seine Kleidung ist typisch alpenl\u00e4ndisch nostalgisch.","breadcrumb":{"@id":"https:\/\/www.soniademetz.com\/de\/prodotto\/der-bergsteiger\/#breadcrumb"},"inLanguage":"de","potentialAction":[{"@type":"ReadAction","target":["https:\/\/www.soniademetz.com\/de\/prodotto\/der-bergsteiger\/"]}]},{"@type":"ImageObject","inLanguage":"de","@id":"https:\/\/www.soniademetz.com\/de\/prodotto\/der-bergsteiger\/#primaryimage","url":"https:\/\/i0.wp.com\/www.soniademetz.com\/wp-content\/uploads\/2022\/06\/7505.jpg?fit=600%2C600&ssl=1","contentUrl":"https:\/\/i0.wp.com\/www.soniademetz.com\/wp-content\/uploads\/2022\/06\/7505.jpg?fit=600%2C600&ssl=1","width":600,"height":600,"caption":"Sonia Demtz, Bergsteigerfigur aus Ahorn, Alpin nostalgisch, handgefertigt und handbemalen."},{"@type":"BreadcrumbList","@id":"https:\/\/www.soniademetz.com\/de\/prodotto\/der-bergsteiger\/#breadcrumb","itemListElement":[{"@type":"ListItem","position":1,"name":"Home","item":"https:\/\/www.soniademetz.com\/de\/"},{"@type":"ListItem","position":2,"name":"Shop","item":"https:\/\/www.soniademetz.com\/de\/shop-2\/"},{"@type":"ListItem","position":3,"name":"Der Bergsteiger"}]},{"@type":"WebSite","@id":"https:\/\/www.soniademetz.com\/de\/#website","url":"https:\/\/www.soniademetz.com\/de\/","name":"Sonia Demetz","description":"Holzkunst in Gr\u00f6dental","publisher":{"@id":"https:\/\/www.soniademetz.com\/de\/#organization"},"potentialAction":[{"@type":"SearchAction","target":{"@type":"EntryPoint","urlTemplate":"https:\/\/www.soniademetz.com\/de\/?s={search_term_string}"},"query-input":{"@type":"PropertyValueSpecification","valueRequired":true,"valueName":"search_term_string"}}],"inLanguage":"de"},{"@type":"Organization","@id":"https:\/\/www.soniademetz.com\/de\/#organization","name":"Sonia Demetz","url":"https:\/\/www.soniademetz.com\/de\/","logo":{"@type":"ImageObject","inLanguage":"de","@id":"https:\/\/www.soniademetz.com\/de\/#\/schema\/logo\/image\/","url":"https:\/\/i0.wp.com\/www.soniademetz.com\/wp-content\/uploads\/2021\/05\/cropped-Sonia-Demetz-Logo_1.png?fit=1407%2C573&ssl=1","contentUrl":"https:\/\/i0.wp.com\/www.soniademetz.com\/wp-content\/uploads\/2021\/05\/cropped-Sonia-Demetz-Logo_1.png?fit=1407%2C573&ssl=1","width":1407,"height":573,"caption":"Sonia Demetz"},"image":{"@id":"https:\/\/www.soniademetz.com\/de\/#\/schema\/logo\/image\/"},"sameAs":["https:\/\/www.facebook.com\/SoniaDemetzWoodArtSculptures","https:\/\/www.instagram.com\/soniademetz_woodart_sculptures\/"]}]}},"jetpack_sharing_enabled":true,"_links":{"self":[{"href":"https:\/\/www.soniademetz.com\/de\/wp-json\/wp\/v2\/product\/38581","targetHints":{"allow":["GET"]}}],"collection":[{"href":"https:\/\/www.soniademetz.com\/de\/wp-json\/wp\/v2\/product"}],"about":[{"href":"https:\/\/www.soniademetz.com\/de\/wp-json\/wp\/v2\/types\/product"}],"wp:featuredmedia":[{"embeddable":true,"href":"https:\/\/www.soniademetz.com\/de\/wp-json\/wp\/v2\/media\/38682"}],"wp:attachment":[{"href":"https:\/\/www.soniademetz.com\/de\/wp-json\/wp\/v2\/media?parent=38581"}],"wp:term":[{"taxonomy":"product_brand","embeddable":true,"href":"https:\/\/www.soniademetz.com\/de\/wp-json\/wp\/v2\/product_brand?post=38581"},{"taxonomy":"product_cat","embeddable":true,"href":"https:\/\/www.soniademetz.com\/de\/wp-json\/wp\/v2\/product_cat?post=38581"},{"taxonomy":"product_tag","embeddable":true,"href":"https:\/\/www.soniademetz.com\/de\/wp-json\/wp\/v2\/product_tag?post=38581"}],"curies":[{"name":"wp","href":"https:\/\/api.w.org\/{rel}","templated":true}]}}

<p>Handgefertigte Statue aus Ahorn* die einen Bergsteiger im alpin-nostalgischen Stil darstellt.<br />
Ein Mann mit Bart, Hut und Feder, der mit seinem Seil und Eispickel in der Hand, mit Erfahrung und mit stolzer Haltung die Berge<br />
vor sich hin betrachtet. Bedacht hält er auf einem Felsen inne, worauf ein Edelweiß abgebildet ist. Seine Kleidung ist typisch alpenländisch nostalgisch.</p>
<p>*in der Größe 60 cm wird die Figur in Linde angefertigt.</p>

<!-- This site is optimized with the Yoast SEO plugin v27.5 - https://yoast.com/product/yoast-seo-wordpress/ -->
<title>Der Bergsteiger - Sonia Demetz</title>
<meta name="description" content="Handgefertigte Statue aus Ahorn die einen Bergsteiger im alpin-nostalgischen Stil darstellt. Seine Kleidung ist typisch alpenländisch nostalgisch." />
<meta name="robots" content="index, follow, max-snippet:-1, max-image-preview:large, max-video-preview:-1" />
<link rel="canonical" href="https://www.soniademetz.com/de/prodotto/der-bergsteiger/" />
<meta property="og:locale" content="de_DE" />
<meta property="og:type" content="article" />
<meta property="og:title" content="Der Bergsteiger - Sonia Demetz" />
<meta property="og:description" content="Handgefertigte Statue aus Ahorn die einen Bergsteiger im alpin-nostalgischen Stil darstellt. Seine Kleidung ist typisch alpenländisch nostalgisch." />
<meta property="og:url" content="https://www.soniademetz.com/de/prodotto/der-bergsteiger/" />
<meta property="og:site_name" content="Sonia Demetz" />
<meta property="article:publisher" content="https://www.facebook.com/SoniaDemetzWoodArtSculptures" />
<meta property="article:modified_time" content="2022-08-23T12:41:30+00:00" />
<meta property="og:image" content="https://www.soniademetz.com/wp-content/uploads/2022/06/7505.jpg" />
	<meta property="og:image:width" content="600" />
	<meta property="og:image:height" content="600" />
	<meta property="og:image:type" content="image/jpeg" />
<meta name="twitter:card" content="summary_large_image" />
<!-- / Yoast SEO plugin. -->

Handgefertigte Statue aus Ahorn die einen Bergsteiger im alpin-nostalgischen Stil darstellt. Seine Kleidung ist typisch alpenländisch nostalgisch.

Holzkunst in Grödental
