{"id":34120,"date":"2022-01-26T15:19:24","date_gmt":"2022-01-26T15:19:24","guid":{"rendered":"https:\/\/www.soniademetz.com\/prodotto\/madonna-von-einsiedeln-2\/"},"modified":"2023-04-24T17:00:36","modified_gmt":"2023-04-24T17:00:36","slug":"madonna-von-einsiedeln-2","status":"publish","type":"product","link":"https:\/\/www.soniademetz.com\/de\/prodotto\/madonna-von-einsiedeln-2\/","title":{"rendered":"Madonna von Einsiedeln"},"content":{"rendered":"<p>Diese Statue ist aus Ahorn-Holz geschnitzt, handgefertigt und handbemalt, sie stellt die Madonna von Einsiedeln dar, auch Unsere Liebe Frau von Einsiedeln genannt.<br \/>\nDie Farbe des Gesichtes von Maria und des Jesuskindes sind schwarz wie jene des originalen Bildes der Madonna welches in der Abtei Einsiedeln in der Schweiz aufbewahrt wird.<\/p>\n<p>Die Bekleidung der Madonna und des Jesuskindes, beide sind reich bemalt und mit sehr sch\u00f6nen goldenen Verzierungen. Die Skulptur ist eine k\u00f6nigliche Darstellung samt Kronen und ein Zepter welches Maria in der Hand h\u00e4lt.<\/p>\n<p>Note: in der Abtei die von einem Benediktinerm\u00f6nch gegr\u00fcndet wurde, befindet sich die Gnadenkapelle mit dem Bild der Schwarzen Madonna aus dem 15. Jahrhundert, sie ist der Mittelpunkt des Wallfahrtsortes Einsiedeln; auch, Unsere Frau von Einsiedeln genannt.<\/p>\n","protected":false},"excerpt":{"rendered":"<p>Diese Statue ist aus Ahorn-Holz geschnitzt, handgefertigt und handbemalt, sie stellt die Madonna von Einsiedeln dar, auch Unsere Liebe Frau von Einsiedeln genannt. Die Farbe des Gesichtes von Maria und des Jesuskindes sind schwarz wie jene des originalen Bildes der Madonna welches in der Abtei Einsiedeln in der Schweiz aufbewahrt wird. Die Bekleidung der Madonna&hellip;&nbsp;<a href=\"https:\/\/www.soniademetz.com\/de\/prodotto\/madonna-von-einsiedeln-2\/\" rel=\"bookmark\">Weiterlesen &raquo;<span class=\"screen-reader-text\">Madonna von Einsiedeln<\/span><\/a><\/p>\n","protected":false},"featured_media":46318,"template":"","meta":{"neve_meta_sidebar":"","neve_meta_container":"","neve_meta_enable_content_width":"off","neve_meta_content_width":70,"neve_meta_title_alignment":"","neve_meta_author_avatar":"","neve_post_elements_order":"","neve_meta_disable_header":"","neve_meta_disable_footer":"","neve_meta_disable_title":"","_mbp_gutenberg_autopost":false,"_themeisle_gutenberg_block_has_review":false},"product_brand":[],"product_cat":[224,225,96],"product_tag":[1612,1470],"class_list":["post-34120","product","type-product","status-publish","has-post-thumbnail","product_cat-religioese-kunst-muttergottes","product_cat-religioese-kunst-muttergottes-statuen","product_cat-religioese-kunst","product_tag-einsiedeln-de","product_tag-madonna-de","pa_misura-1-10-cm-de","pa_misura-1-17-cm-de","pa_misura-1-20-cm-de","first","instock","purchasable","product-type-variable"],"yoast_head":"<!-- This site is optimized with the Yoast SEO plugin v28.3 - https:\/\/yoast.com\/product\/yoast-seo-wordpress\/ -->\n<title>Madonna von Einsiedeln - Sonia Demetz<\/title>\n<meta name=\"description\" content=\"Diese Statue ist aus Ahorn-Holz geschnitzt, handgefertigt und handbemalt, sie stellt die Madonna von Einsiedeln dar, auch Unsere Liebe Frau von Einsiedeln genannt.\" \/>\n<meta name=\"robots\" content=\"index, follow, max-snippet:-1, max-image-preview:large, max-video-preview:-1\" \/>\n<link rel=\"canonical\" href=\"https:\/\/www.soniademetz.com\/de\/prodotto\/madonna-von-einsiedeln-2\/\" \/>\n<meta property=\"og:locale\" content=\"de_DE\" \/>\n<meta property=\"og:type\" content=\"article\" \/>\n<meta property=\"og:title\" content=\"Madonna von Einsiedeln - Sonia Demetz\" \/>\n<meta property=\"og:description\" content=\"Diese Statue ist aus Ahorn-Holz geschnitzt, handgefertigt und handbemalt, sie stellt die Madonna von Einsiedeln dar, auch Unsere Liebe Frau von Einsiedeln genannt.\" \/>\n<meta property=\"og:url\" content=\"https:\/\/www.soniademetz.com\/de\/prodotto\/madonna-von-einsiedeln-2\/\" \/>\n<meta property=\"og:site_name\" content=\"Sonia Demetz\" \/>\n<meta property=\"article:publisher\" content=\"https:\/\/www.facebook.com\/SoniaDemetzWoodArtSculptures\" \/>\n<meta property=\"article:modified_time\" content=\"2023-04-24T17:00:36+00:00\" \/>\n<meta property=\"og:image\" content=\"https:\/\/www.soniademetz.com\/wp-content\/uploads\/2022\/01\/005970-Madonna_einsiedeln-2.png\" \/>\n\t<meta property=\"og:image:width\" content=\"609\" \/>\n\t<meta property=\"og:image:height\" content=\"609\" \/>\n\t<meta property=\"og:image:type\" content=\"image\/png\" \/>\n<meta name=\"twitter:card\" content=\"summary_large_image\" \/>\n<meta name=\"twitter:label1\" content=\"Gesch\u00e4tzte Lesezeit\" \/>\n\t<meta name=\"twitter:data1\" content=\"1\u00a0Minute\" \/>\n<!-- \/ Yoast SEO plugin. -->","yoast_head_json":{"title":"Madonna von Einsiedeln - Sonia Demetz","description":"Diese Statue ist aus Ahorn-Holz geschnitzt, handgefertigt und handbemalt, sie stellt die Madonna von Einsiedeln dar, auch Unsere Liebe Frau von Einsiedeln genannt.","robots":{"index":"index","follow":"follow","max-snippet":"max-snippet:-1","max-image-preview":"max-image-preview:large","max-video-preview":"max-video-preview:-1"},"canonical":"https:\/\/www.soniademetz.com\/de\/prodotto\/madonna-von-einsiedeln-2\/","og_locale":"de_DE","og_type":"article","og_title":"Madonna von Einsiedeln - Sonia Demetz","og_description":"Diese Statue ist aus Ahorn-Holz geschnitzt, handgefertigt und handbemalt, sie stellt die Madonna von Einsiedeln dar, auch Unsere Liebe Frau von Einsiedeln genannt.","og_url":"https:\/\/www.soniademetz.com\/de\/prodotto\/madonna-von-einsiedeln-2\/","og_site_name":"Sonia Demetz","article_publisher":"https:\/\/www.facebook.com\/SoniaDemetzWoodArtSculptures","article_modified_time":"2023-04-24T17:00:36+00:00","og_image":[{"width":609,"height":609,"url":"https:\/\/www.soniademetz.com\/wp-content\/uploads\/2022\/01\/005970-Madonna_einsiedeln-2.png","type":"image\/png"}],"twitter_card":"summary_large_image","twitter_misc":{"Gesch\u00e4tzte Lesezeit":"1\u00a0Minute"},"schema":{"@context":"https:\/\/schema.org","@graph":[{"@type":"WebPage","@id":"https:\/\/www.soniademetz.com\/de\/prodotto\/madonna-von-einsiedeln-2\/","url":"https:\/\/www.soniademetz.com\/de\/prodotto\/madonna-von-einsiedeln-2\/","name":"Madonna von Einsiedeln - Sonia Demetz","isPartOf":{"@id":"https:\/\/www.soniademetz.com\/de\/#website"},"primaryImageOfPage":{"@id":"https:\/\/www.soniademetz.com\/de\/prodotto\/madonna-von-einsiedeln-2\/#primaryimage"},"image":{"@id":"https:\/\/www.soniademetz.com\/de\/prodotto\/madonna-von-einsiedeln-2\/#primaryimage"},"thumbnailUrl":"https:\/\/i0.wp.com\/www.soniademetz.com\/wp-content\/uploads\/2022\/01\/005970-Madonna_einsiedeln-2.png?fit=609%2C609&ssl=1","datePublished":"2022-01-26T15:19:24+00:00","dateModified":"2023-04-24T17:00:36+00:00","description":"Diese Statue ist aus Ahorn-Holz geschnitzt, handgefertigt und handbemalt, sie stellt die Madonna von Einsiedeln dar, auch Unsere Liebe Frau von Einsiedeln genannt.","breadcrumb":{"@id":"https:\/\/www.soniademetz.com\/de\/prodotto\/madonna-von-einsiedeln-2\/#breadcrumb"},"inLanguage":"de","potentialAction":[{"@type":"ReadAction","target":["https:\/\/www.soniademetz.com\/de\/prodotto\/madonna-von-einsiedeln-2\/"]}]},{"@type":"ImageObject","inLanguage":"de","@id":"https:\/\/www.soniademetz.com\/de\/prodotto\/madonna-von-einsiedeln-2\/#primaryimage","url":"https:\/\/i0.wp.com\/www.soniademetz.com\/wp-content\/uploads\/2022\/01\/005970-Madonna_einsiedeln-2.png?fit=609%2C609&ssl=1","contentUrl":"https:\/\/i0.wp.com\/www.soniademetz.com\/wp-content\/uploads\/2022\/01\/005970-Madonna_einsiedeln-2.png?fit=609%2C609&ssl=1","width":609,"height":609,"caption":"Madonna von Einsiedeln - mit Kind - Holz - Gr\u00f6dnertal - Val Gardena"},{"@type":"BreadcrumbList","@id":"https:\/\/www.soniademetz.com\/de\/prodotto\/madonna-von-einsiedeln-2\/#breadcrumb","itemListElement":[{"@type":"ListItem","position":1,"name":"Home","item":"https:\/\/www.soniademetz.com\/de\/"},{"@type":"ListItem","position":2,"name":"Shop","item":"https:\/\/www.soniademetz.com\/de\/shop-2\/"},{"@type":"ListItem","position":3,"name":"Madonna von Einsiedeln"}]},{"@type":"WebSite","@id":"https:\/\/www.soniademetz.com\/de\/#website","url":"https:\/\/www.soniademetz.com\/de\/","name":"Sonia Demetz","description":"Holzkunst in Gr\u00f6dental","publisher":{"@id":"https:\/\/www.soniademetz.com\/de\/#organization"},"potentialAction":[{"@type":"SearchAction","target":{"@type":"EntryPoint","urlTemplate":"https:\/\/www.soniademetz.com\/de\/?s={search_term_string}"},"query-input":{"@type":"PropertyValueSpecification","valueRequired":true,"valueName":"search_term_string"}}],"inLanguage":"de"},{"@type":"Organization","@id":"https:\/\/www.soniademetz.com\/de\/#organization","name":"Sonia Demetz","url":"https:\/\/www.soniademetz.com\/de\/","logo":{"@type":"ImageObject","inLanguage":"de","@id":"https:\/\/www.soniademetz.com\/de\/#\/schema\/logo\/image\/","url":"https:\/\/i0.wp.com\/www.soniademetz.com\/wp-content\/uploads\/2021\/05\/cropped-Sonia-Demetz-Logo_1.png?fit=1407%2C573&ssl=1","contentUrl":"https:\/\/i0.wp.com\/www.soniademetz.com\/wp-content\/uploads\/2021\/05\/cropped-Sonia-Demetz-Logo_1.png?fit=1407%2C573&ssl=1","width":1407,"height":573,"caption":"Sonia Demetz"},"image":{"@id":"https:\/\/www.soniademetz.com\/de\/#\/schema\/logo\/image\/"},"sameAs":["https:\/\/www.facebook.com\/SoniaDemetzWoodArtSculptures","https:\/\/www.instagram.com\/soniademetz_woodart_sculptures\/"]}]}},"jetpack_sharing_enabled":true,"_links":{"self":[{"href":"https:\/\/www.soniademetz.com\/de\/wp-json\/wp\/v2\/product\/34120","targetHints":{"allow":["GET"]}}],"collection":[{"href":"https:\/\/www.soniademetz.com\/de\/wp-json\/wp\/v2\/product"}],"about":[{"href":"https:\/\/www.soniademetz.com\/de\/wp-json\/wp\/v2\/types\/product"}],"wp:featuredmedia":[{"embeddable":true,"href":"https:\/\/www.soniademetz.com\/de\/wp-json\/wp\/v2\/media\/46318"}],"wp:attachment":[{"href":"https:\/\/www.soniademetz.com\/de\/wp-json\/wp\/v2\/media?parent=34120"}],"wp:term":[{"taxonomy":"product_brand","embeddable":true,"href":"https:\/\/www.soniademetz.com\/de\/wp-json\/wp\/v2\/product_brand?post=34120"},{"taxonomy":"product_cat","embeddable":true,"href":"https:\/\/www.soniademetz.com\/de\/wp-json\/wp\/v2\/product_cat?post=34120"},{"taxonomy":"product_tag","embeddable":true,"href":"https:\/\/www.soniademetz.com\/de\/wp-json\/wp\/v2\/product_tag?post=34120"}],"curies":[{"name":"wp","href":"https:\/\/api.w.org\/{rel}","templated":true}]}}

<p>Diese Statue ist aus Ahorn-Holz geschnitzt, handgefertigt und handbemalt, sie stellt die Madonna von Einsiedeln dar, auch Unsere Liebe Frau von Einsiedeln genannt.<br />
Die Farbe des Gesichtes von Maria und des Jesuskindes sind schwarz wie jene des originalen Bildes der Madonna welches in der Abtei Einsiedeln in der Schweiz aufbewahrt wird.</p>
<p>Die Bekleidung der Madonna und des Jesuskindes, beide sind reich bemalt und mit sehr schönen goldenen Verzierungen. Die Skulptur ist eine königliche Darstellung samt Kronen und ein Zepter welches Maria in der Hand hält.</p>
<p>Note: in der Abtei die von einem Benediktinermönch gegründet wurde, befindet sich die Gnadenkapelle mit dem Bild der Schwarzen Madonna aus dem 15. Jahrhundert, sie ist der Mittelpunkt des Wallfahrtsortes Einsiedeln; auch, Unsere Frau von Einsiedeln genannt.</p>

<!-- This site is optimized with the Yoast SEO plugin v28.3 - https://yoast.com/product/yoast-seo-wordpress/ -->
<title>Madonna von Einsiedeln - Sonia Demetz</title>
<meta name="description" content="Diese Statue ist aus Ahorn-Holz geschnitzt, handgefertigt und handbemalt, sie stellt die Madonna von Einsiedeln dar, auch Unsere Liebe Frau von Einsiedeln genannt." />
<meta name="robots" content="index, follow, max-snippet:-1, max-image-preview:large, max-video-preview:-1" />
<link rel="canonical" href="https://www.soniademetz.com/de/prodotto/madonna-von-einsiedeln-2/" />
<meta property="og:locale" content="de_DE" />
<meta property="og:type" content="article" />
<meta property="og:title" content="Madonna von Einsiedeln - Sonia Demetz" />
<meta property="og:description" content="Diese Statue ist aus Ahorn-Holz geschnitzt, handgefertigt und handbemalt, sie stellt die Madonna von Einsiedeln dar, auch Unsere Liebe Frau von Einsiedeln genannt." />
<meta property="og:url" content="https://www.soniademetz.com/de/prodotto/madonna-von-einsiedeln-2/" />
<meta property="og:site_name" content="Sonia Demetz" />
<meta property="article:publisher" content="https://www.facebook.com/SoniaDemetzWoodArtSculptures" />
<meta property="article:modified_time" content="2023-04-24T17:00:36+00:00" />
<meta property="og:image" content="https://www.soniademetz.com/wp-content/uploads/2022/01/005970-Madonna_einsiedeln-2.png" />
	<meta property="og:image:width" content="609" />
	<meta property="og:image:height" content="609" />
	<meta property="og:image:type" content="image/png" />
<meta name="twitter:card" content="summary_large_image" />
<meta name="twitter:label1" content="Geschätzte Lesezeit" />
	<meta name="twitter:data1" content="1 Minute" />
<!-- / Yoast SEO plugin. -->

Madonna von Einsiedeln - mit Kind - Holz - Grödnertal - Val Gardena

Holzkunst in Grödental
